(2). Let t(x) = 25 - 13 - w + 2*x. Determine t(-3).
-6
Let i be ((-12)/14)/(8/(-28)). Let s(y) be the third derivative of 1/15*y**5 + 0*y + 1/3*y**i - 1/6*y**4 + 0 - 1/120*y**6 - y**2. Give s(2).
2
Let l(d) = d**3 + 5*d**2 + 5*d + 2. Suppose 0 = -5*z + 31 - 91. Let n be (10/15)/((-1)/z). Suppose -2*i = -3*g + 4*g + 10, 4*i = 5*g + n. What is l(i)?
5
Let p(h) = -2*h**3 - 7*h**2 - 7*h + 9. Let i(m) = m**3 + 3*m**2 + 3*m - 4. Let c(j) = -9*i(j) - 4*p(j). Suppose 0 = -2*d - 2*d. Give c(d).
0
Let s(i) be the third derivative of -i**4/24 - 21*i**2. Suppose w = 4*y + y - 19, -5*y + 11 = w. Calculate s(w).
4
Suppose 8 = t + 5*p, -5*t - 5*p = -2*p - 18. Let j be 6 + -3 + t - 3. Let o = j - -2. Let l(a) = a - 7. What is l(o)?
-2
Let t(j) = 2 - 1 - j + 3. Let p(w) = -w**2 + 11*w + 5. Let g be p(11). What is t(g)?
-1
Let g be (10 - 1) + 1 + -2. Let m(n) = -2*n - 7*n + g*n + 1. Determine m(2).
-1
Let l be 0 - (-2 - 2 - -2). Let s(c) be the second derivative of -c**4/6 + c**3/3 - c**2/2 - 9*c. Determine s(l).
-5
Let b(i) = 3*i. Let o be b(1). Let m(v) = v**2 - v - 4. Calculate m(o).
2
Let t(j) = 13*j + 1. Let r(s) = s + 1. Let m(h) = 2*r(h) - t(h). Calculate m(-1).
12
Let m(n) = -2 + n**2 + 6*n + 0*n + 0*n**2. Let j be 0/(0 + 1) - -3. Suppose o = j*o + 8. Determine m(o).
-10
Suppose -7*y + 6 = -4*y. Let j(c) = 0*c + 0*c + 29 - c**y - c**3 - 36. Give j(0).
-7
Let t(o) = -o**2 - 2*o + 4. Suppose -4*f - 8 = -2*f. What is t(f)?
-4
Let s(b) be the third derivative of b**4/24 - b**3/6 + 2*b**2. Calculate s(3).
2
Let l(a) = -2*a - 1. Let x = 5 + 1. Suppose g + x = -g. Let k be 9*((-5)/g + -2). What is l(k)?
5
Let a(l) = -4*l**3 + 1. Suppose -34*f + 36*f = 2. Calculate a(f).
-3
Let m = 3 + -1. Suppose 3*w = w + m. Let s(v) = 6*v**3 - 4*v**2 - 3*v - 5. Let x(y) = 6*y**3 - 5*y**2 - 4*y - 6. Let g(o) = 5*s(o) - 4*x(o). Give g(w).
6
Let c = -5 + 9. Let a = -2 + c. Let b(j) = -j**2 - j + 10. Let o(w) = w**2 + w - 7. Let v(l) = 5*b(l) + 7*o(l). Calculate v(a).
13
Let o(s) = 6*s**2 - 2*s - 1. Let n(f) = 5*f**2 - 2*f. Let b(x) = 7*n(x) - 6*o(x). Let i = -12 + 7. Determine b(i).
-9
Let j(z) = -z**2 + 6*z + 2. Let o(a) = a**2 - 10*a + 5. Let p be o(10). What is j(p)?
7
Let g(w) = w - 4. Let h = -1 - -4. Determine g(h).
-1
Let y be (1/4)/((-6)/(-24)). Let i(p) = y + 0 - 3 + 1 - p. Determine i(2).
-3
Suppose -3*s + p = 4, -4*s - 4*p = s + 35. Let d(h) be the third derivative of h**6/120 + h**5/15 + h**4/6 + 2*h**3/3 + h**2. What is d(s)?
1
Let o(b) = b**3 + 6*b**2 + 8*b + 6. Suppose 0 = 5*z - 8 + 33. What is o(z)?
-9
Let u(p) = 33*p - 2. Let a be u(1). Let w(d) = 32 + d**2 - d**3 - a - d + 0*d**3. Give w(2).
-5
Let f(r) = r - 3*r + 0*r. Let b be 3/(-2 + 6/2). Suppose -4*a - 3*m = 0, 0 - b = 3*a + 3*m. Determine f(a).
-6
Let t(p) = -p - 1. Let o be (-2 - 2)*(4 - 3). Let s be t(o). Let g(a) be the first derivative of a**4/4 - 4*a**3/3 + a**2 + 4*a + 2. What is g(s)?
1
Suppose -7*b + 4 = -3*b. Let q(g) = -14*g + 1. Calculate q(b).
-13
Let j(z) be the second derivative of z**4/12 - 7*z**3/6 - 4*z**2 - 2*z + 1. Give j(8).
0
Let y = 5 + -3. Let o(u) be the third derivative of -u**6/120 + u**5/60 + u**4/6 - u**3/2 + 5*u**2. What is o(y)?
1
Let r(f) = -3*f + 2. Let d be 6/(-10)*(0 - 5). Suppose -d*v - 26 = -4*g, -2*v - 11 = v - g. What is r(v)?
8
Let g = -1 + 4. Let x(m) = -m**3 + 2*m**2 + m + 3. Let h be x(g). Let d(f) be the third derivative of -f**4/24 - 5*f**3/6 - f**2. Give d(h).
-2
Let v(x) = -x**2 + x + 1. Let f(a) = -a**3 + 4*a**2 - 4*a - 8. Let q(n) = -f(n) - 3*v(n). Calculate q(0).
5
Let o(r) = -3*r + 8*r - r. Give o(3).
12
Suppose -4*g + 16 = -5*g + 5*m, 3*g + 4 = 4*m. Suppose -g*n - 4 = -20. Let d(o) = -3*o**3 + o**2 + 2*o**3 + 4*o**2 - 3*o + n. Give d(4).
8
Let x(k) = -k**3 + 6*k**2 + 2*k - 6. Suppose f - 50 = -3*b, -6 = -b + f + 4*f. Let p be -1 + 22 + (-1)/(-1). Let u = p - b. Determine x(u).
6
Suppose 5*t + 12 = -8. Let u(f) be the third derivative of -1/6*f**3 + 0*f + 3*f**2 + 0 + 1/12*f**4. What is u(t)?
-9
Let o(b) = b**3 - b - 1. Suppose 7 = 2*f + 1. Suppose -3*c = 6, 0 = -3*m - f*c - 6 - 6. Let z = m - -2. Calculate o(z).
-1
Let a(i) be the third derivative of i**4/8 + 2*i**3/3 + 3*i**2. Let g(n) = -n - 1. Let p(j) = 4*a(j) + 11*g(j). Give p(-5).
0
Suppose 3*t = t + 6. Let s(l) = 2 - 2*l - t - 3*l**2 + 9*l**2. Let n(r) = 7*r**2 - 3*r - 1. Let y(f) = -4*n(f) + 5*s(f). Determine y(-2).
3
Let v(w) be the third derivative of w**5/10 - 11*w**4/24 + 5*w**3/3 + 4*w**2. Let s(x) = 5*x**2 - 10*x + 9. Let d(z) = -5*s(z) + 4*v(z). Determine d(6).
-5
Let c(l) = -l**3 - 8*l**2 + 9*l + 6. Let s be c(-9). Let a(i) = i**2 - 6*i - 5. Give a(s).
-5
Let f(o) be the first derivative of -1/3*o**3 - 1 - 2*o + 1/2*o**2. Calculate f(-3).
-14
Let g = -23 - -19. Let t(o) = -o - 4. What is t(g)?
0
Let y be ((-6)/2)/(1/(-2)). Let b(s) be the first derivative of -s**2/2 + 7*s - 93. Give b(y).
1
Let k(v) = -v**2 - v + 3. Let w be k(-3). Let a(d) = -d**2 - 3*d + 4. Calculate a(w).
4
Let r be (-168)/(-15) + (-3)/15. Let m(c) = c**3 - 11*c**2 + c - 15. Give m(r).
-4
Let u = -33 - -40. Let m(h) = h - 9. Determine m(u).
-2
Let r be (1 - 0)/((-3)/9). Let c(x) be the second derivative of -x**3/3 + 3*x**2 + 5*x. Let u(q) = 4*q - 11. Let j(z) = r*u(z) - 5*c(z). Determine j(4).
-5
Let s(v) = -7*v + 2. Let w = 6 + -5. Let j be s(w). Let z(i) = -i**3 - 6*i**2 - 3*i - 4. What is z(j)?
-14
Let q(w) = 4*w**2 - 6*w + 3. Let g(n) = 9*n**2 - 12*n + 6. Let j(h) = 3*g(h) - 7*q(h). Let y(v) be the first derivative of j(v). What is y(6)?
-6
Let f(i) = -i**2 - 4*i - 3. Let k(x) = 2*x**2 + 11*x + 8. Let g be k(-4). What is f(g)?
-3
Suppose -5*i + 10 = m + 4*m, -3*i - 15 = -4*m. Let s be m/(1/(1/1)). Let t(d) = d**3 - 2*d**2 - d - 4. Give t(s).
2
Let n(m) = -13*m**3 - 13*m**2 - 13*m + 4. Let q(o) = -28*o**3 - 27*o**2 - 27*o + 8. Let c(x) = -13*n(x) + 6*q(x). Give c(-6).
-10
Suppose i = 2*i + 15. Let h be 8/(-28) + i/21. Let w(a) = 2*a. Determine w(h).
-2
Let a(h) = h**2 + 7*h. Suppose 3*t + t = 8. Suppose -v - 6 = v - 2*p, -t*p = v - 6. Let l = -5 - v. Give a(l).
-10
Suppose 7 = 5*m + 2. Let j be (4/(-6))/(m/(-3)). Let w(y) = -2*y**2 + 2 + j + y**2. Give w(-3).
-5
Suppose 0 = x - 0 - 3. Let m = x + -9. Let n(g) = -g - 2. Give n(m).
4
Let g(v) = -v + 2. Suppose -5*q - 3*n = 5, -q + n + 12 = -n. Determine g(q).
0
Let v(z) = 3*z - 1. Suppose -m + 6*m + 44 = c, -c = m + 10. Let q(j) = j**3 + 9*j**2 - j - 7. Let o be q(m). Suppose -o*d - 2*d - 4 = 0. Give v(d).
-4
Let o(b) = -b**2 + 3*b. Let u be o(3). Let t = 1 + u. Let g(y) be the third derivative of y**4/24 + y**3/6 + 3*y**2 + 7*y. Calculate g(t).
2
Let f = 6 + -4. Suppose -f*d + 2 = -4. Let p(b) = -4 + b**2 - 5*b + 0*b + b. Determine p(d).
-7
Suppose 5*y + 2*w + 89 = 0, w + 41 + 29 = -4*y. Let q = y - -10. Let r(l) = l + 2. Give r(q).
-5
Let n(u) be the first derivative of -u**2/2 - 13*u + 39. Give n(-10).
-3
Let q be 4 - (-1)/(4/(-16)). Suppose 0 = -3*x + 5*l + 6 + 4, -2*x + 3*l + 5 = q. Let r(n) = 2*n + 6. What is r(x)?
-4
Let h be ((2 + -1)*-1 - -2) + 3. Let q(a) = -2*a**2 + 6*a - 1. Calculate q(h).
-9
Let f(j) be the third derivative of -j**4/12 + j**3/2 + j**2. Let c(h) = -h**3 - 4*h**2 - h - 1. Let y be c(-4). Suppose -2*p + 7 = -y. Give f(p).
-7
Let u(q) = -q - 7*q + q. Suppose 3*f = -0*f. Suppose 0 = p + 1 - f. Calculate u(p).
7
Let k(j) be the third derivative of j**6/120 - j**5/15 - j**4/6 - j**3/2 + j**2. Let d(h) = h + 10. Let g be d(-5). Calculate k(g).
2
Let h(l) be the second derivative of -l**5/20 + 5*l**4/12 - l**3/3 + 7*l**2/2 - 2*l. Suppose 2*v - v - 5*b - 25 = 0, 2*v - 3*b - 22 = 0. Calculate h(v).
-3
Suppose 5*h = 2*h. Suppose -n = -h*n - 5. Let w(m) = 5*m + 1. Let f(g) = -11*g - 2. Let l(u) = -6*f(u) - 13*w(u). Calculate l(n).
4
Let p(f) = 2*f + 2. Let t be p(3). Suppose y + 3*y = t. Suppose y*c = 6*c + 16. Let k(m) = 2*m + 1. Calculate k(c).
-7
Let n = -5 + 8. Let k(u) = -2 - u - u + n*u. Calculate k(6).
4
Suppose 18*z = 9*z - 18. Let n(x) = -9*x - 2. Calculate n(z).
16
Suppose -t = 3*t + 20. Let z(r) be the second derivative of -5/12*r**4 - 1/20*r**5 + 0 + 3*r - r**2 + 1/3*r**3. Calculate z(t).
-12
Let g = -25 + 14. Let j = g - -16. Let b(d) = 7*d**3 - 17*d**2 + 5*d - 1. Let t(z) = -3*z**3 + 8*z**2 - 3*z + 1. Let s(k) = -2*b(k) - 5*t(k). De